{"id":130,"date":"2020-10-29T21:28:56","date_gmt":"2020-10-29T20:28:56","guid":{"rendered":"https:\/\/bauturbo.de\/?page_id=130"},"modified":"2020-10-30T10:25:19","modified_gmt":"2020-10-30T09:25:19","slug":"bautrocknung-2","status":"publish","type":"page","link":"https:\/\/bauturbo.de\/?page_id=130","title":{"rendered":"Bautrocknung"},"content":{"rendered":"<div id=\"pl-130\"  class=\"panel-layout\" ><div id=\"pg-130-0\"  class=\"panel-grid panel-no-style\" ><div id=\"pgc-130-0-0\"  class=\"panel-grid-cell\" ><div id=\"panel-130-0-0-0\" class=\"so-panel widget widget_sow-editor panel-first-child panel-last-child\" data-index=\"0\" ><div\n\t\t\t\n\t\t\tclass=\"so-widget-sow-editor so-widget-sow-editor-base\"\n\t\t\t\n\t\t><h3 class=\"widget-title\">Bautrocknung<\/h3>\n<div class=\"siteorigin-widget-tinymce textwidget\">\n\t<h4><\/h4>\n<h4>Warum?<\/h4>\n<p>W\u00e4hrend der Bauphase werden gro\u00dfe Mengen an Feuchtigkeit in das Geb\u00e4ude eingebracht durch M\u00f6rtel, Beton, Putz, Estrich und Regen. Ein Teil wird beim Abbinden der Baustoffe chemisch gebunden, ein gro\u00dfer Teil bleibt jedoch als Bauteilfeuchte \u00fcbrig und wird in den Kapillaren der Baustoffe gespeichert. In einem durchschnittlichen Einfamilienhaus immerhin zwischen 1.000 und 1.500 Liter Wasser, die entfeuchtet werden m\u00fcssen. Dies erfolgt durch kontrolliertes Heizen und Abl\u00fcften \u2013 je nach Klimaverh\u00e4ltnissen \u00fcber einen Zeitraum von etwa 1 Jahr \u2013 oder automatisiert mit unseren Mietger\u00e4ten innerhalb von 2-4 Wochen.<\/p>\n<p>Und: Es geht nicht immer nur um die Feuchtigkeit aus Estrich und Putz! Aus Betonbauteilen z.B. diffundiert noch Feuchtigkeit nach Monaten aus.<\/p>\n<p>In meiner gutachterlichen T\u00e4tigkeit habe ich viele Sachverst\u00e4ndigengutachten bez\u00fcglich Schimmelbefall erstellt. Oftmals war als Ursache eindeutig zu hohe Bauteil-Restfeuchte zu diagnostizieren.<\/p>\n<p>&nbsp;<\/p>\n<h4>Belegbare wirtschaftliche Vorteile<\/h4>\n<ul>\n<li>Beschleunigung der Trocknung nach Estrich\/Verputz um bis zu 75% <em>(aus 8 Wochen werden 2 Wochen)<\/em><\/li>\n<li>Wettbewerbsvorteil durch erheblichen Zeitgewinn<\/li>\n<li>Termintreue durch Einhaltung des Bauzeitenplans unabh\u00e4ngig von Witterung<\/li>\n<li>keine Stillstandzeiten durch Fortf\u00fchrung des Innenausbaus <u>w\u00e4hrend<\/u> der Trocknung<\/li>\n<li>kontinuierliche und schnellere Taktung der Ausbaugewerke<\/li>\n<li>keine Baurestfeuchte = keine Schimmelgefahr nach Bezug, <u>kein Rechtsstreit<\/u><\/li>\n<li>Baustellenbeheizung im Herbst\/Winter gleichzeitig sichergestellt<\/li>\n<\/ul>\n<p>&nbsp;<\/p>\n<h4>Alternative: Estrich-Beschleuniger?<\/h4>\n<p><strong><u>Kosten:<\/u><\/strong><strong> 6-8\u20ac\/m\u00b2 <u>Mehr<\/u>kosten = +35%<\/strong><\/p>\n<p><strong>Estriche mit Schnellzementen und beschleunigenden Zusatzmitteln sind\u00a0<\/strong><strong>Sonderkonstruktionen <u>au\u00dferhalb<\/u> der DIN 18560!<\/strong><\/p>\n<p>Bei Estrichen mit beschleunigenden Zusatzmitteln sind Grenzwerte f\u00fcr die Belegreife und die Messmethode vom Bauherrn\/Planer <strong><u>rechtsverbindlich<\/u><\/strong> mitzuteilen, ansonsten gelten die genannten Grenzwerte f\u00fcr die CM-Messmethode nach DIN 18560. Geschieht dies nicht, sind die genannten Grenzwerte f\u00fcr die Belegreife und die dort aufgef\u00fchrte Messmethode anzuwenden!<\/p>\n<p><em>\u00a0<\/em><u>Fazit:<\/u> Wirkung au\u00dferhalb der anerkannten Regeln der Technik <em>(DIN 18560, Haftung und Nachweis!)<\/em> sowie unter speziellen Bedingungen <em>(\u201eLabor-Bedingungen\u201c)<\/em>, die an der Baustelle nur sehr schwer einzuhalten und zu \u00fcberwachen sind.<\/p>\n<p><strong>Die Mehrkosten betragen ca. +35%, bei einem Einfamilienhaus mit ca. 180m\u00b2 Estrich x 7\u20ac\/m\u00b2 = 1.260\u20ac.<\/strong><\/p>\n<p>Die Mietkosten f\u00fcr unsere Trocknungsger\u00e4te betragen im Mittel ca. 800\u20ac, und zus\u00e4tzlich wird Feuchtigkeit aus allen anderen Bauteilen wie Beton\/Putz\/Mauerwerk entzogen.<\/p>\n<p>&nbsp;<\/p>\n<h4>Wann?<\/h4>\n<p>Idealer Zeitpunkt ist nach Einbau von Estrich\/Putz!\u00a0Zementestrich ben\u00f6tigt mindestens 1 Woche Liegezeit, Anhydritestrich <em>(=Flie\u00dfestrich)<\/em> 4 Tage.<\/p>\n<p>&nbsp;<\/p>\n<h4>Wie?<\/h4>\n<p><strong>Bautrockner<\/strong><\/p>\n<p>Die Ger\u00e4teleistung mu\u00df auf die Baustelle abgestimmt sein, viel hilft hier nicht immer viel. Bei zu hoher Trocknungsleistung findet eine \u00dcbertrocknung statt, bei der Sch\u00e4den <em>(Rissbildung, Sch\u00fcsselung)<\/em> entstehen k\u00f6nnen. Wir vermieten verschiedene Ger\u00e4tegr\u00f6\u00dfen angepasst auf Ihre Baustelle.<\/p>\n<p><strong>Luftumw\u00e4lzung<\/strong><\/p>\n<p>Wir empfehlen immer die Nutzung von Gebl\u00e4sen, um die Raumluft zus\u00e4tzlich umzuw\u00e4lzen und die feuchten Oberfl\u00e4chen anzustr\u00f6men, damit die Kondenstrockner noch effektiver entfeuchten k\u00f6nnen und die Trocknungszeit verk\u00fcrzt wird. Wir vermieten auch hier verschiedene Ger\u00e4tegr\u00f6\u00dfen.<\/p>\n<p><strong>Heizung<\/strong><\/p>\n<p>Je w\u00e4rmer die Luft, desto mehr Wasserdampf kann sie aufnehmen und zum Trockner transportieren. In der kalten Jahreszeit empfehlen wir zwingend Elektroheizer, sofern die Geb\u00e4udeheizung noch nicht funktioniert.<\/p>\n<p>Ist diese betriebsbereit <em>(z.B. Fussbodenheizung)<\/em>, treibt sie aus dem Estrich \u00fcbersch\u00fcssiges Wasser aus, welches dann kontrolliert von den Trocknern gebunden wird statt sich von innen an allen kalten Oberfl\u00e4chen abzulagern und diese zu durchfeuchten.<\/p>\n<p>Gasheizungen sind kontraproduktiv, da bei der Verbrennung zus\u00e4tzlicher Wasserdampf entsteht. Sie erhalten von uns leihweise Elektroheizer unterschiedlicher Leistung, womit auch die Baubeheizung im Winter sichergestellt ist. Die Handwerker*innen werden es Ihnen danken!<\/p>\n<p>Die Einheit aus Trockner, Gebl\u00e4se und Heizer beschleunigt die Entfeuchtung ganz erheblich!<\/p>\n<p>Mit mehr als 60 vorhandenen Einheiten sind wir erprobt in der kurzfristigen Versorgung gro\u00dfer Baustellen.<\/p>\n<p>&nbsp;<\/p>\n<h4>Wieviel?<\/h4>\n<p>Kosten richtig gerechnet: Null!<\/p>\n<p>Baustelle fr\u00fcher beziehen = Fremdmiete einsparen<\/p>\n<p>Neubau fr\u00fcher vermieten = Rendite fr\u00fcher erzielen<\/p>\n<p>Verk\u00fcrzung der Bauzeit\u00a0\u00a0 = Handwerker fr\u00fcher woanders einsetzen<\/p>\n<p>= Einsparung von Kosten durch Ger\u00fcst, Container, Bauleiter usw.<\/p>\n<p>= fr\u00fcher Schlusszahlungen erhalten<\/p>\n<p>&nbsp;<\/p>\n<\/div>\n<\/div><\/div><\/div><div id=\"pgc-130-0-1\"  class=\"panel-grid-cell\" ><div id=\"panel-130-0-1-0\" class=\"so-panel widget widget_sow-image panel-first-child\" data-index=\"1\" ><div\n\t\t\t\n\t\t\tclass=\"so-widget-sow-image so-widget-sow-image-default-8b5b6f678277-130\"\n\t\t\t\n\t\t>\n<div class=\"sow-image-container\">\n\t\t<img \n\tsrc=\"https:\/\/bauturbo.de\/wp-content\/uploads\/2020\/10\/bauturbo-1.png\" width=\"903\" height=\"646\" srcset=\"https:\/\/bauturbo.de\/wp-content\/uploads\/2020\/10\/bauturbo-1.png 903w, https:\/\/bauturbo.de\/wp-content\/uploads\/2020\/10\/bauturbo-1-300x215.png 300w, https:\/\/bauturbo.de\/wp-content\/uploads\/2020\/10\/bauturbo-1-768x549.png 768w\" sizes=\"(max-width: 903px) 100vw, 903px\" alt=\"\" \t\tclass=\"so-widget-image\"\/>\n\t<\/div>\n\n<\/div><\/div><div id=\"panel-130-0-1-1\" class=\"so-panel widget widget_sow-image panel-last-child\" data-index=\"2\" ><div\n\t\t\t\n\t\t\tclass=\"so-widget-sow-image so-widget-sow-image-default-8b5b6f678277-130\"\n\t\t\t\n\t\t>\n<div class=\"sow-image-container\">\n\t\t<img \n\tsrc=\"https:\/\/bauturbo.de\/wp-content\/uploads\/2020\/10\/BT-Hero-03.jpg\" width=\"1280\" height=\"799\" srcset=\"https:\/\/bauturbo.de\/wp-content\/uploads\/2020\/10\/BT-Hero-03.jpg 1280w, https:\/\/bauturbo.de\/wp-content\/uploads\/2020\/10\/BT-Hero-03-300x187.jpg 300w, https:\/\/bauturbo.de\/wp-content\/uploads\/2020\/10\/BT-Hero-03-1024x639.jpg 1024w, https:\/\/bauturbo.de\/wp-content\/uploads\/2020\/10\/BT-Hero-03-768x479.jpg 768w, https:\/\/bauturbo.de\/wp-content\/uploads\/2020\/10\/BT-Hero-03-480x300.jpg 480w, https:\/\/bauturbo.de\/wp-content\/uploads\/2020\/10\/BT-Hero-03-640x400.jpg 640w\" sizes=\"(max-width: 1280px) 100vw, 1280px\" title=\"BT &#8211; Hero 03\" alt=\"\" \t\tclass=\"so-widget-image\"\/>\n\t<\/div>\n\n<\/div><\/div><\/div><\/div><\/div>","protected":false},"excerpt":{"rendered":"<p>Warum? W\u00e4hrend der Bauphase werden gro\u00dfe Mengen an Feuchtigkeit in das Geb\u00e4ude eingebracht durch M\u00f6rtel, Beton, Putz, Estrich und Regen. Ein Teil wird beim Abbinden der Baustoffe chemisch gebunden, ein &#8230;<\/p>\n","protected":false},"author":1,"featured_media":0,"parent":0,"menu_order":0,"comment_status":"closed","ping_status":"closed","template":"","meta":{"footnotes":""},"class_list":["post-130","page","type-page","status-publish","hentry"],"_links":{"self":[{"href":"https:\/\/bauturbo.de\/index.php?rest_route=\/wp\/v2\/pages\/130","targetHints":{"allow":["GET"]}}],"collection":[{"href":"https:\/\/bauturbo.de\/index.php?rest_route=\/wp\/v2\/pages"}],"about":[{"href":"https:\/\/bauturbo.de\/index.php?rest_route=\/wp\/v2\/types\/page"}],"author":[{"embeddable":true,"href":"https:\/\/bauturbo.de\/index.php?rest_route=\/wp\/v2\/users\/1"}],"replies":[{"embeddable":true,"href":"https:\/\/bauturbo.de\/index.php?rest_route=%2Fwp%2Fv2%2Fcomments&post=130"}],"version-history":[{"count":19,"href":"https:\/\/bauturbo.de\/index.php?rest_route=\/wp\/v2\/pages\/130\/revisions"}],"predecessor-version":[{"id":152,"href":"https:\/\/bauturbo.de\/index.php?rest_route=\/wp\/v2\/pages\/130\/revisions\/152"}],"wp:attachment":[{"href":"https:\/\/bauturbo.de\/index.php?rest_route=%2Fwp%2Fv2%2Fmedia&parent=130"}],"curies":[{"name":"wp","href":"https:\/\/api.w.org\/{rel}","templated":true}]}}